ppose -m + 5 = -0*m. Let v(j) = 1 - 6 - m*j + 10 + j**2. Calculate v(6).
11
Suppose 7*h + 4 = -2*d + 11*h, -5*d - 10 = -5*h. Let m(c) = c**2 + 2*c. Calculate m(d).
0
Let l be -2*17*6/12. Let a = -15 - l. Let z(f) = -f**2 - 2*f + 3. Determine z(a).
-5
Let g(i) be the third derivative of -3*i**2 + 1/6*i**3 + 1/60*i**5 + 0 + 0*i + 1/8*i**4. Determine g(-2).
-1
Let c = 4 + -2. Let t(o) = 1 + 3*o + c*o - 4*o. Suppose 40 = -12*u + 2*u. Calculate t(u).
-3
Let f(y) = -16*y + 1. Let t be (10/(-6))/((-5)/15). Suppose 24 = 4*z - 4*k, 16 + 5 = -4*z - t*k. Give f(z).
-15
Let k(v) = v**2 + 4*v. Let w(y) = 2*y**2 + 9*y. Let u(h) = 7*k(h) - 3*w(h). What is u(-2)?
2
Let w(g) = 23*g**2 - 7*g - 3. Let u(m) = 11*m**2 - 4*m - 2. Let c(o) = 5*u(o) - 3*w(o). What is c(1)?
-14
Let w(z) = z**3 + 3*z**2 - z. Suppose 10 = 5*a + 25. Determine w(a).
3
Let s(r) be the second derivative of -r**3/6 - 5*r**2/2 - 2*r. Let w(v) = v + 13. Let f be w(-7). Determine s(f).
-11
Let j(s) be the first derivative of -5*s**2/2 + 22. Determine j(-1).
5
Let b = -136 + 134. Let n(o) = -o**3 - o**2 - 2*o - 3. Determine n(b).
5
Let a(o) be the third derivative of -o**5/20 - o**4/24 + o**3/2 + 22*o**2. Let l(d) = -3 + 3 - d - 4*d**2 + 3. Let t(r) = -5*a(r) + 4*l(r). Calculate t(3).
-9
Let v(w) = -7*w**3 + 3*w**2 + 11*w - 9. Let b(n) = n**3 - n + 1. Let o(m) = -6*b(m) - v(m). Let q be ((-4)/(-3))/4*9. What is o(q)?
-12
Let s(p) = -p**3 + 3*p**2 + 4*p - 4. Let i be s(4). Let b(u) = 3 - 5 - 1 + 1. Let j(z) = -z. Let c(x) = b(x) + 3*j(x). Determine c(i).
10
Let s(v) be the third derivative of -v**2 + 0 - 1/30*v**5 + 1/8*v**4 - 1/6*v**3 + 0*v. What is s(2)?
-3
Let f(g) = g**2 - 1. Let n(b) = 3*b**2 + b - 3. Let r(x) = -f(x) + n(x). Determine r(-3).
13
Let n(d) be the third derivative of d**4/8 + d**3/6 + 2*d**2. Let s be 45/12 + (-1)/(-4). Let k be -1*s*(-3)/(-6). Determine n(k).
-5
Let g(f) = -f. Let a = 88 + -95. Give g(a).
7
Let g(x) = -x**3 - 5*x**2 - 5*x. Let k(p) = p**2 - 8*p - 4. Let b be k(8). Determine g(b).
4
Let s(c) = -60*c + c**2 + 6 - 49*c + 115*c. Determine s(-5).
1
Let y(n) = 3*n**2 - 2*n**2 + 0 - 2 + 2*n. Let p = -15 - -11. Give y(p).
6
Let q(c) = 11*c**3 + 4*c**2 + 6*c + 1. Let h(b) = -12*b**3 - 5*b**2 - 7*b - 1. Let w(m) = 6*h(m) + 7*q(m). Give w(1).
4
Let o(s) = s**2 + 6*s + 1. Let p(m) = -2*m. Let d be p(-1). Let g be 28/(-8)*d - -1. Calculate o(g).
1
Let t(l) = 11*l**2 + 0*l**2 - 1 + 2*l + 11*l**2 - 6*l**2. Determine t(1).
17
Let s(m) = -m + 2. Let b(q) = q + 1. Let o be b(1). Suppose -2*f = o*f - 4. Let v = f - 3. Calculate s(v).
4
Let h = -10 - -2. Let j be (h/(-10))/((-3)/15). Let m(g) = g - 4. What is m(j)?
-8
Let g(c) = -2 + 9 + c**2 - 3 + 4*c. Suppose -q = -4*q - 9. Calculate g(q).
1
Let m be 2 + (-4 - -1 - -4). Let h(f) be the first derivative of 2 - 1/3*f**m - 4*f + 5/2*f**2. Calculate h(5).
-4
Suppose -28*j = -33*j. Let g(n) = n - 10. Let h(m) = 2*m - 10. Let t(s) = -3*g(s) + 2*h(s). Calculate t(j).
10
Let r be (-2)/(-7) - 19/(-7). Suppose -2*k - r*k = -15. Suppose 0*c = -k*c + 15. Let o(l) = l**3 - 5*l**2 + l + 2. Give o(c).
7
Let d(a) = a**3 - 6*a**2 + 7*a - 1. Let f(g) = -g**2 + g. Let o(x) = 3*x**2 - 2. Let w(i) = -5*f(i) - o(i). Let v be w(3). Calculate d(v).
9
Let z be ((-14)/4)/(4/(-8))*-1. Let h(i) = i. What is h(z)?
-7
Let h(p) = p**2 - 4*p + 1. Let z be h(5). Let w(l) = -3*l + 17. Let i(k) = k - 6. Let b(m) = -7*i(m) - 2*w(m). What is b(z)?
2
Let g(a) = -7*a**3 - 3*a**2 + 17*a + 13. Let s(d) = 3*d**3 + 2*d**2 - 8*d - 6. Let i(z) = -2*g(z) - 5*s(z). Determine i(-5).
-1
Let a(j) be the third derivative of 5*j**4/24 + 2*j**3/3 - 4*j**2. Let m(x) = x + 1. Let u(z) = -a(z) + 6*m(z). Suppose -5*g + g = 0. Give u(g).
2
Let z = 0 + 3. Let v = z - 1. Suppose -x - v*x = 3. Let b(d) = d**2 + 2*d + 1. Give b(x).
0
Let a(y) = y + 1. Let f(k) = 19*k + 23. Let n(u) = 10*u + 12. Let g(x) = 3*f(x) - 5*n(x). Let l(m) = -5*a(m) + g(m). Calculate l(-4).
-4
Let u(g) = 0*g**2 + g**2 + 679*g - 8 - g**3 - 679*g. Give u(0).
-8
Let y(w) = w + 2. Let s = -4 - -9. Give y(s).
7
Let h(n) = -n**3 - 2*n**2 + n - 1. Let q be 2 - (-108)/(-20) - 6/(-15). Give h(q).
5
Let s = 0 + 2. Let g(b) be the second derivative of b**5/20 - b**4/6 + b**3/6 + b**2 - 3*b. Calculate g(s).
4
Suppose -5*z - 22 = 3. Let k be (0 - -1) + 0 - z. Let c(u) = 2 - 7 + k*u - 4*u. Calculate c(5).
5
Let h(x) = -x**3 - 5*x**2 - 5*x + 2. Let p = -2 + -2. What is h(p)?
6
Let f be (0 - 1)/((-4)/64*4). Let b(h) = h**3 - 3*h**2 - 5*h - 3. What is b(f)?
-7
Let a(q) = -q + 3. Let x(b) = -3*b + 6. Let j(z) = -5*a(z) + 2*x(z). Give j(-7).
4
Let p(m) = 0 + 3 + 5*m**2 + 3 - 7. Determine p(-1).
4
Let v(c) = c + 0*c**2 + 1 + c**2 + c**2. What is v(-1)?
2
Let w(l) be the first derivative of l**3/3 + l**2/2 + 22. Let q = 4 + -6. Let r be 1/(-2) - 1/q. What is w(r)?
0
Let h(w) be the first derivative of -10*w**3/3 + w**2/2 + w + 10. Give h(-1).
-10
Let z(p) = -5*p**2 - 56*p - 9. Let s(f) = f**2 + 11*f + 2. Let l(i) = 11*s(i) + 2*z(i). Determine l(-8).
-4
Let b be ((-6)/4)/((-1)/(-2)). Let u(q) be the third derivative of -q**4/24 - q**2. Calculate u(b).
3
Let z(c) = -c - 2. Suppose 99 = 4*g + 11. Suppose 2*s - g = 4*d, 2*d - 4*s + 31 = s. Calculate z(d).
1
Let p(x) = 4*x**2 - 2*x + 1. Let j(g) = -5*g**2 + 2*g - 2. Let s(y) = 3*j(y) + 4*p(y). Determine s(4).
6
Suppose 2*y + 6 = -0. Let l(g) be the second derivative of -g**4/8 - g**3/3 - g**2/2 - 2*g. Let r(s) be the first derivative of l(s). Calculate r(y).
7
Let y(a) = 6 - 582*a + 586*a - 4. Calculate y(-2).
-6
Let j(s) = -7*s + 3 + 6*s**2 + s**3 + 5 - 14. Give j(-7).
-6
Let g(i) be the first derivative of i**4/8 + i**3/3 - 5*i**2 + 4. Let t(n) be the second derivative of g(n). Give t(-2).
-4
Let b = -1 + 3. Let d(o) = -b - 5*o + 2 + o**2. Determine d(5).
0
Let r(g) = 15*g + 25. Let b(z) = -8*z - 1 - 5 - 7. Let q(w) = 11*b(w) + 6*r(w). What is q(-5)?
-3
Let w(i) = i**2 - 3*i - 3. Let l = -14 - -17. What is w(l)?
-3
Let o(r) = -r + 2. Let z = -3 + 8. Suppose -2*m + 8 = 2*w - 2, -z*w = 4*m - 21. Suppose 4*i + c + 6 - 27 = 0, 0 = 4*c - m. Determine o(i).
-3
Let i(o) = -2*o + 0*o**2 + o**3 + 2*o**3 - 3*o**2 - 2*o**3 + 4. Determine i(3).
-2
Let n(y) = -y**2 + y. Suppose v + 12 = 4*o, 3*o = 4*o - 5. Let f = v + -6. Calculate n(f).
-2
Let d(v) = -v**2 + 6*v - 7. Let b be 1/(4*1/20). Give d(b).
-2
Let g(w) be the first derivative of 5*w**3/3 + w**2/2 + 14. Calculate g(1).
6
Let g(f) = f. Let m(d) = 4*d + 3. Let w(j) = -5*g(j) + m(j). Suppose -2*k - 3*k = 0. Give w(k).
3
Let q(j) = 6*j - 6*j**2 - j**3 + 2*j**3 + 0*j. Suppose 2*w = 5*w - 15. What is q(w)?
5
Let s = 2 + -6. Let z(n) = -n**2 - 3*n + 4. Give z(s).
0
Let t be (-2)/(-8) - (-18)/(-8). Let k(v) be the first derivative of -v**3/3 - 2*v**2 + 99. Give k(t).
4
Let a(f) = f**2 - 2*f - 1. Let x = 69 + -66. Determine a(x).
2
Suppose 1 = -4*y + 13, -7 = -2*v - y. Let z(s) = -3*s - 3*s**2 + 4 + 7*s**v - s**3 + 0*s**3. What is z(3)?
4
Let x(s) be the first derivative of -s**2/2 + 4*s + 18. Give x(-3).
7
Let x(w) = w**3 - w**2 - 2*w + 3. Suppose -3*a + 70 = 2*a. Suppose -a = m - 4*s, 4*m - s - 2 = 2. Calculate x(m).
3
Let c(s) = 2*s**2 - 2*s - 1. Let y(f) = -3*f. Let o be y(-1). Suppose -11 = -4*b + o*u + 3, -2*u + 6 = 5*b. Let z be c(b). Let l(q) = q - 3. Determine l(z).
0
Let m(f) = -10*f**2 - 6*f + 16. Let o(w) = -7*w**2 - 4*w + 11. Let g(q) = 5*m(q) - 7*o(q). Give g(-4).
-5
Suppose l = -5*p - 91, -p + 0*l - 11 = 2*l. Let g = -20 - p. Let b(h) = h**2 - h + 2. Let o(t) = -2*t**2 + t - 1. Let z(r) = -2*b(r) - 3*o(r). Determine z(g).
4
Let h(l) be the first derivative of -l**4/4 - l**3 + l**2 + l + 10. Suppose 10 = -2*j - 3*j. Determine h(j).
-7
Suppose 2*v - 38 = -5*l, 0 = 2*v - 4 - 4. Let c(k) = -k**3 + 6*k**2 + 4. What is c(l)?
4
Let m be 407/77 - (-6)/(-21). Let k(t) = -t**2 + 5*t. Give k(m).
0
Let l(d) be the second derivative of -d**6/720 - d**5/40 + d**4/6 - 3*d. Let n(x) be the third derivative of l(x). Calculate n(-4).
1
Let c(g) = -77*g - 5 + 40*g - 5*g**2 - g**3 + 45*g. Calculate c(-6).
-17
Let n(h) = -5*h**2 + 4*h + 14. Let b(v) = -2*v**2 + v + 4. Let f(g) = 7*b(g) - 2*n(g). Give f(-1).
-3
Let m(c) = c**3 - 4*c**2 + c + 3. Suppose 5*t + 15 = 0, -4*t = -w - 0*t + 15. Calculate m(w).
-3
Let d(f) be the second derivative of f**3/6 - 6